d n?
11
Let z be 4 - ((-4)/(-6))/(2/(-303)). Calculate the highest common factor of z and 112.
7
Let b(r) = -r**3 - 14*r**2 - 11*r + 34. Let x be b(-13). Calculate the highest common divisor of 4 and x.
4
Suppose 3*m + 210 = 3*o, 2*m + 257 = 5*o - 87. What is the greatest common divisor of o and 51?
17
Suppose 0 = -3*c + 3*z + 66, -2*c - z + 38 = -0*z. Suppose -c*u + 27 = -17*u. Let q be 181/4 - (-5)/(-20). What is the greatest common divisor of q and u?
9
Suppose -235*z + 239*z - 1340 = 0. Calculate the greatest common factor of z and 134.
67
Let b(l) = l + 84. Let h(z) be the first derivative of -z**2/2 - 8*z + 4. Let r be h(-8). Let d be b(r). What is the highest common factor of d and 12?
12
Let a be 1 + 70/5*2. Let z = 158 - 71. Calculate the greatest common factor of z and a.
29
Let n(v) be the first derivative of -2*v**3/3 - 31*v**2/2 + 3*v - 5. Let g be n(-14). Calculate the greatest common divisor of g and 9.
9
Let s = -128 + 77. Let z be s/(-18) + 2/12. Suppose -z*c + 8 = 2. What is the greatest common factor of 10 and c?
2
Suppose 40*t + 16*t - 392 = 0. Calculate the greatest common factor of t and 3.
1
Let d be (-4)/(-14) + (-306)/(-7). Let q be 32/16 - (-27)/3. What is the highest common factor of d and q?
11
Let w(o) = -2*o - 34. Let u be w(-17). Suppose u = -0*j + 5*j, -q + 5*j + 161 = 0. Calculate the greatest common factor of 23 and q.
23
Let o = -6 + 9. Suppose 0 = -o*k + 10 + 17. Suppose 4*q + 3*u - 26 + 5 = 0, 4*q - u - k = 0. Calculate the greatest common divisor of q and 15.
3
Let u(a) = -6*a - 43. Let t be u(-8). Let d = 25 - t. What is the highest common divisor of 40 and d?
20
Suppose -30 = -2*f - 26. Suppose 3*y + 12 = 3*v, v = 3*y + 5*v - 16. Suppose y*i + f*i - 12 = 0. What is the highest common factor of i and 6?
6
Suppose 2*t - 132 = -2*t. Let z = t + -21. What is the highest common divisor of z and 12?
12
Suppose -5*f + 133 = 3*d, -154*f + 156*f + 98 = 3*d. What is the highest common divisor of 1692 and d?
36
Suppose 0 = -4*p - 4, 2*p = 2*g - 3*p - 31. Let j = -6 + g. Let k = 10 - j. Calculate the highest common divisor of k and 6.
3
Let f(d) = -d**2 + 8*d - 8. Suppose 2*h - 2*o - 20 = 0, -1 = -5*h - 5*o + 9. Let w be f(h). Let t = 326 - 310. Calculate the highest common factor of t and w.
4
Let h(n) = -n**2 + 32*n - 164. Let q be h(24). What is the greatest common factor of 44 and q?
4
Suppose 0 = 5*r - 10, -2*p + 22*r - 26*r = -26. Suppose 0 = -5*x + 4*x + 11. Let d = x - p. What is the greatest common divisor of 16 and d?
2
Let i(a) = -5*a - 1. Let w be i(-1). Suppose 9*f - w*f - 40 = 0. Let k(r) = r + 16. Let z be k(-14). Calculate the greatest common divisor of z and f.
2
Let f(p) be the second derivative of -p**4/12 + p**3/6 - 15*p**2/2 + 4*p. Let i be f(11). Let q = i + 237. Calculate the highest common factor of 14 and q.
14
Let x = -130 + 241. Let p = x + -103. Calculate the greatest common divisor of 104 and p.
8
Suppose 41 - 9 = 2*q. Suppose -3*y - 104 + 440 = 0. Calculate the highest common divisor of y and q.
16
Let f be (9/(-6))/(9/(-24)). Let q be 6/3 + -17 + f. Let x = 39 - q. Calculate the highest common divisor of x and 10.
10
Suppose -3*t - 1 = -4*p, 4*t - 2 = p + 1. Let i(o) = 20*o**2 - o - 1. Let w be i(t). What is the greatest common divisor of w and 54?
18
Let h(v) = v. Let a(l) = -3*l**2 - l + 2. Let u be a(-2). Let y be (-1 - 12/u)*22. Let p be h(y). What is the greatest common divisor of p and 1?
1
Let g be (-138)/(-42) + 8/(-28). Suppose 3*n - g*d - 6 = 0, n + 2*d - 1 = 7. What is the highest common factor of 8 and n?
4
Let m(l) = 5*l + 2. Let h(j) = j**3 - 8*j**2 + 2. Let n be h(8). Let t be m(n). Calculate the greatest common factor of 96 and t.
12
Let u = 1617 - 1554. Calculate the greatest common divisor of 108 and u.
9
Suppose 3*s - 101 = -5*f, -22*s + 5*f + 27 = -21*s. Let y(m) = -m + 2. Let z be y(-6). What is the highest common divisor of s and z?
8
Let u be (-154 + 0)/((-2)/(-9 + 11)). Calculate the highest common divisor of u and 88.
22
Let q(u) = 4*u**3 + 3*u**2 - 4*u - 2. Let f be q(-3). Let a = f + 39. Let r be ((-90)/8)/(8/a). What is the greatest common divisor of 5 and r?
5
Let b(o) = o**3 - 3*o**2 - 4*o + 3. Let p be b(4). Suppose 3*j - x - 146 = 0, p*x + 0*x = -2*j + 90. What is the greatest common factor of j and 12?
12
Let i = 2575 + -1060. Calculate the highest common factor of 15 and i.
15
Let h be (-11)/(-22) + (-6)/(-4). Suppose -h*t - 19 = 7. Let f = -4 - t. Calculate the greatest common factor of 36 and f.
9
Suppose -j + 2*j = -x + 36, -x - 2*j + 35 = 0. Let r be (666/(-5))/(9/15 - 1). Suppose 4*l + r = 5*l. What is the greatest common divisor of l and x?
37
Let f be 16 + (-3 - -1) + 1. Suppose 657 = 105*d + 342. What is the highest common divisor of d and f?
3
Suppose -h = -53 - 10. Suppose -64*d + h*d + 16 = 0. Calculate the highest common divisor of d and 160.
16
Suppose 9*d = 8*d + 3. Let o be 51 - (d/6)/1*0. What is the highest common divisor of 34 and o?
17
Let o be 49454/2054 - (1/13 + 0). Let y = -347 + 539. What is the highest common divisor of o and y?
24
Suppose 3*s + 20 = -b - 4*b, 0 = 3*b + 5*s + 28. Let v be (-4 + -18)/(b/2). Let q = 19 + -8. What is the greatest common divisor of v and q?
11
Suppose 13*u + 104 = 17*u. Suppose -4*c + 18 = -2. Let i be 3/(-5) + 328/c. What is the highest common divisor of i and u?
13
Let q = 2 - 2. Suppose -10*a + 7*a = 2*l - 21, q = 5*a - 15. Calculate the highest common divisor of l and 126.
6
Let q(z) = -5*z + 3*z + 0*z**2 + 9*z**2. Let i be q(2). Let d = -27 + 31. Calculate the highest common factor of i and d.
4
Suppose 4*p - 5*g - 111 = 0, -9*g + 13*g - 108 = -5*p. Calculate the greatest common factor of p and 138.
6
Let j(p) = -3*p. Let r be j(-25). What is the highest common factor of 15 and r?
15
Let u(k) = -k**3 + 3*k**2 - 4*k + 6. Let g be u(2). Let w be g/(-3) + (-222)/(-9). What is the greatest common divisor of w and 12?
12
Let k(p) = 81*p - 1. Let y be k(1). Let q = y - 41. Suppose -8*x + 84 + 20 = 0. Calculate the greatest common factor of q and x.
13
Let s(t) = -t**2 - 15*t - 18. Let m be s(-9). Let r be (-86)/m*-16 + (-14)/63. Calculate the greatest common divisor of 38 and r.
38
Suppose -3*y = -3*h - 789 + 255, -2*h = -4*y + 716. Calculate the greatest common factor of 20 and y.
20
Let s = -56 - -92. Let z = 122 + -50. Calculate the greatest common divisor of s and z.
36
Let o be 0 + 41 + -1 - 4. Suppose 2*d = 2*r - 10, 0 = -4*d + 5*r - 0*r - 22. Let k be 2 + -2*(-4 - d). What is the highest common divisor of k and o?
4
Let j(i) = i**3 - i**2 - 5*i - 2. Let x be j(4). Suppose -3*r = -r - x. What is the greatest common factor of r and 13?
13
Suppose -2*y + 3*t + 29 = 0, 4*t = -t - 25. What is the greatest common factor of y and 2?
1
Let j be 5 - ((-1)/5 - 1/(-5)). Calculate the highest common factor of 1 and j.
1
Let b(t) be the first derivative of -t**4/4 - 2*t**3 + 5*t**2/2 - 6*t + 1. Let k be b(-7). Calculate the highest common factor of k and 2.
2
Suppose 4*a = 7 - 31. Let x(s) = s**3 + 6*s**2 - 5*s + 1. Let u be x(a). Calculate the highest common divisor of 62 and u.
31
Let f be (-1237)/(-10) - 3/(-10). Calculate the highest common divisor of 62 and f.
62
Let j be 168/(-9)*(-69)/4. Let i = -70 - -116. Calculate the highest common divisor of i and j.
46
Let l = 5 + 51. Suppose 163*p - 158*p = -5*c + 420, 2*c = p - 84. Calculate the highest common factor of l and p.
28
Let t = 125 - -215. Suppose 0*s - 34 = -s. What is the highest common divisor of s and t?
34
Let s(r) = 14*r**2 + 4*r + 7. Let k be s(-2). Let j = k - 42. Calculate the highest common factor of j and 65.
13
Let r = 30 + -21. Suppose -5*t + 176 = -319. Calculate the highest common divisor of r and t.
9
Suppose -2*t = 2*f - 5*f + 2, f - 4*t = -6. Let d be (f + 10/(-6))*24. Suppose 0 = -s - 2*o + d, 3 = 4*o - 1. Calculate the highest common divisor of s and 6.
6
Let q(l) = -l + 208. Let j be q(0). Suppose -40 = -4*f + 64. Calculate the highest common factor of f and j.
26
Let q = -317 + 450. Let l = q - -120. Suppose 0 = i - 4*i + 69. Calculate the greatest common factor of l and i.
23
Suppose -19*c + 41*c = 1584. What is the greatest common factor of 54 and c?
18
Let d be (-14)/21 + 1/(-3). Let r be (-9)/6*(-1 + d). Suppose -r